{"id":13,"date":"2022-12-29T15:33:56","date_gmt":"2022-12-29T14:33:56","guid":{"rendered":"https:\/\/zarowem.pl\/?page_id=13"},"modified":"2025-06-26T17:47:47","modified_gmt":"2025-06-26T15:47:47","slug":"stawki-oplat","status":"publish","type":"page","link":"https:\/\/zarowem.pl\/index.php\/stawki-oplat\/","title":{"rendered":"Stawki op\u0142at"},"content":{"rendered":"\n<p><\/p>\n\n\n\n<p>Op\u0142aty za 2025 rok dzia\u0142ek &#8222;Przy g\u00f3rce&#8221;<\/p>\n\n\n\n<figure class=\"wp-block-image size-full is-resized\"><img loading=\"lazy\" decoding=\"async\" width=\"515\" height=\"604\" src=\"https:\/\/zarowem.pl\/wp-content\/uploads\/2025\/06\/image.png\" alt=\"\" class=\"wp-image-132\" style=\"width:413px;height:auto\" srcset=\"https:\/\/zarowem.pl\/wp-content\/uploads\/2025\/06\/image.png 515w, https:\/\/zarowem.pl\/wp-content\/uploads\/2025\/06\/image-256x300.png 256w\" sizes=\"auto, (max-width: 515px) 100vw, 515px\" \/><\/figure>\n\n\n\n<p><\/p>\n\n\n\n<p>Op\u0142aty za 2025 rok dzia\u0142ek &#8222;Za rowem&#8221;<\/p>\n\n\n\n<figure class=\"wp-block-image size-full is-resized\"><img loading=\"lazy\" decoding=\"async\" width=\"171\" height=\"659\" src=\"https:\/\/zarowem.pl\/wp-content\/uploads\/2025\/05\/image-2.png\" alt=\"\" class=\"wp-image-121\" style=\"width:174px;height:auto\" srcset=\"https:\/\/zarowem.pl\/wp-content\/uploads\/2025\/05\/image-2.png 171w, https:\/\/zarowem.pl\/wp-content\/uploads\/2025\/05\/image-2-78x300.png 78w\" sizes=\"auto, (max-width: 171px) 100vw, 171px\" \/><\/figure>\n\n\n\n\n\n<figure class=\"wp-block-image size-full\"><img loading=\"lazy\" decoding=\"async\" width=\"177\" height=\"658\" src=\"https:\/\/zarowem.pl\/wp-content\/uploads\/2025\/05\/image-3.png\" alt=\"\" class=\"wp-image-122\" srcset=\"https:\/\/zarowem.pl\/wp-content\/uploads\/2025\/05\/image-3.png 177w, https:\/\/zarowem.pl\/wp-content\/uploads\/2025\/05\/image-3-81x300.png 81w\" sizes=\"auto, (max-width: 177px) 100vw, 177px\" \/><\/figure>\n\n\n\n<figure class=\"wp-block-image size-full\"><img loading=\"lazy\" decoding=\"async\" width=\"170\" height=\"530\" src=\"https:\/\/zarowem.pl\/wp-content\/uploads\/2025\/05\/image-4.png\" alt=\"\" class=\"wp-image-123\" srcset=\"https:\/\/zarowem.pl\/wp-content\/uploads\/2025\/05\/image-4.png 170w, https:\/\/zarowem.pl\/wp-content\/uploads\/2025\/05\/image-4-96x300.png 96w\" sizes=\"auto, (max-width: 170px) 100vw, 170px\" \/><\/figure>\n","protected":false},"excerpt":{"rendered":"<p>Op\u0142aty za 2025 rok dzia\u0142ek &#8222;Przy g\u00f3rce&#8221; Op\u0142aty za 2025 rok dzia\u0142ek &#8222;Za rowem&#8221;<\/p>\n","protected":false},"author":2,"featured_media":0,"parent":0,"menu_order":0,"comment_status":"closed","ping_status":"closed","template":"","meta":{"tpgb_global_settings":"","footnotes":""},"class_list":["post-13","page","type-page","status-publish","hentry"],"blocksy_meta":{"styles_descriptor":{"styles":{"desktop":"","tablet":"","mobile":""},"google_fonts":[],"version":5}},"tpgb_featured_images":null,"tpgb_post_meta_info":{"get_date":"2022-12-29","author_name":"devadm","author_url":"https:\/\/zarowem.pl\/index.php\/author\/devadm\/","author_email":"kamil@szumotalski.pl","author_website":"","author_description":"","author_facebook":"","author_twitter":"","author_instagram":"","author_role":["administrator"],"author_firstname":"","author_lastname":"","user_login":"devadm","author_avatar":"<img alt='' src='https:\/\/secure.gravatar.com\/avatar\/30b3c78203266376fab193fa14316bdc3ced73959fc6fcf0c899f332d3bf55f6?s=200&#038;d=mm&#038;r=g' srcset='https:\/\/secure.gravatar.com\/avatar\/30b3c78203266376fab193fa14316bdc3ced73959fc6fcf0c899f332d3bf55f6?s=400&#038;d=mm&#038;r=g 2x' class='avatar avatar-200 photo' height='200' width='200' loading='lazy' decoding='async'\/>","author_avatar_url":"https:\/\/secure.gravatar.com\/avatar\/30b3c78203266376fab193fa14316bdc3ced73959fc6fcf0c899f332d3bf55f6?s=96&d=mm&r=g","comment_count":0,"post_likes":0,"post_views":0},"tpgb_post_category":[],"_links":{"self":[{"href":"https:\/\/zarowem.pl\/index.php\/wp-json\/wp\/v2\/pages\/13","targetHints":{"allow":["GET"]}}],"collection":[{"href":"https:\/\/zarowem.pl\/index.php\/wp-json\/wp\/v2\/pages"}],"about":[{"href":"https:\/\/zarowem.pl\/index.php\/wp-json\/wp\/v2\/types\/page"}],"author":[{"embeddable":true,"href":"https:\/\/zarowem.pl\/index.php\/wp-json\/wp\/v2\/users\/2"}],"replies":[{"embeddable":true,"href":"https:\/\/zarowem.pl\/index.php\/wp-json\/wp\/v2\/comments?post=13"}],"version-history":[{"count":4,"href":"https:\/\/zarowem.pl\/index.php\/wp-json\/wp\/v2\/pages\/13\/revisions"}],"predecessor-version":[{"id":133,"href":"https:\/\/zarowem.pl\/index.php\/wp-json\/wp\/v2\/pages\/13\/revisions\/133"}],"wp:attachment":[{"href":"https:\/\/zarowem.pl\/index.php\/wp-json\/wp\/v2\/media?parent=13"}],"curies":[{"name":"wp","href":"https:\/\/api.w.org\/{rel}","templated":true}]}}