{"id":17,"date":"2022-12-29T15:34:50","date_gmt":"2022-12-29T14:34:50","guid":{"rendered":"https:\/\/zarowem.pl\/?page_id=17"},"modified":"2026-03-31T15:57:40","modified_gmt":"2026-03-31T13:57:40","slug":"wladze-ogrodu","status":"publish","type":"page","link":"https:\/\/zarowem.pl\/index.php\/wladze-ogrodu\/","title":{"rendered":"W\u0142adze ogrodu"},"content":{"rendered":"\n<p>Sk\u0142ad Zarz\u0105du ROD &#8222;Za rowem&#8221;<br>e-mail: zarowem2020@gmail.com<\/p>\n\n\n\n<p>Prezes &#8211; Grymaszewski Janusz<\/p>\n\n\n\n<p>W-ce Prezes &#8211; Chmiel Piotr<\/p>\n\n\n\n<p>Sekretarz &#8211; Brodowski Jacek<\/p>\n\n\n\n<p>Skarbnik &#8211; Kinga Gradzi\u0144ska<\/p>\n\n\n\n<p>Cz\u0142onkowie:<\/p>\n\n\n\n<p>Adamska Agnieszka<\/p>\n\n\n\n<p>Olczak Katarzyna<\/p>\n\n\n\n<p>D\u0105browska Marta<\/p>\n\n\n\n<p><\/p>\n","protected":false},"excerpt":{"rendered":"<p>Sk\u0142ad Zarz\u0105du ROD &#8222;Za rowem&#8221;e-mail: zarowem2020@gmail.com Prezes &#8211; Grymaszewski Janusz W-ce Prezes &#8211; Chmiel Piotr Sekretarz &#8211; Brodowski Jacek Skarbnik &#8211; Kinga Gradzi\u0144ska Cz\u0142onkowie: Adamska Agnieszka Olczak Katarzyna D\u0105browska Marta<\/p>\n","protected":false},"author":2,"featured_media":0,"parent":0,"menu_order":0,"comment_status":"closed","ping_status":"closed","template":"","meta":{"tpgb_global_settings":"","footnotes":""},"class_list":["post-17","page","type-page","status-publish","hentry"],"blocksy_meta":{"styles_descriptor":{"styles":{"desktop":"","tablet":"","mobile":""},"google_fonts":[],"version":5}},"tpgb_featured_images":null,"tpgb_post_meta_info":{"get_date":"2022-12-29","author_name":"devadm","author_url":"https:\/\/zarowem.pl\/index.php\/author\/devadm\/","author_email":"kamil@szumotalski.pl","author_website":"","author_description":"","author_facebook":"","author_twitter":"","author_instagram":"","author_role":["administrator"],"author_firstname":"","author_lastname":"","user_login":"devadm","author_avatar":"<img alt='' src='https:\/\/secure.gravatar.com\/avatar\/30b3c78203266376fab193fa14316bdc3ced73959fc6fcf0c899f332d3bf55f6?s=200&#038;d=mm&#038;r=g' srcset='https:\/\/secure.gravatar.com\/avatar\/30b3c78203266376fab193fa14316bdc3ced73959fc6fcf0c899f332d3bf55f6?s=400&#038;d=mm&#038;r=g 2x' class='avatar avatar-200 photo' height='200' width='200' loading='lazy' decoding='async'\/>","author_avatar_url":"https:\/\/secure.gravatar.com\/avatar\/30b3c78203266376fab193fa14316bdc3ced73959fc6fcf0c899f332d3bf55f6?s=96&d=mm&r=g","comment_count":0,"post_likes":0,"post_views":0},"tpgb_post_category":[],"_links":{"self":[{"href":"https:\/\/zarowem.pl\/index.php\/wp-json\/wp\/v2\/pages\/17","targetHints":{"allow":["GET"]}}],"collection":[{"href":"https:\/\/zarowem.pl\/index.php\/wp-json\/wp\/v2\/pages"}],"about":[{"href":"https:\/\/zarowem.pl\/index.php\/wp-json\/wp\/v2\/types\/page"}],"author":[{"embeddable":true,"href":"https:\/\/zarowem.pl\/index.php\/wp-json\/wp\/v2\/users\/2"}],"replies":[{"embeddable":true,"href":"https:\/\/zarowem.pl\/index.php\/wp-json\/wp\/v2\/comments?post=17"}],"version-history":[{"count":4,"href":"https:\/\/zarowem.pl\/index.php\/wp-json\/wp\/v2\/pages\/17\/revisions"}],"predecessor-version":[{"id":179,"href":"https:\/\/zarowem.pl\/index.php\/wp-json\/wp\/v2\/pages\/17\/revisions\/179"}],"wp:attachment":[{"href":"https:\/\/zarowem.pl\/index.php\/wp-json\/wp\/v2\/media?parent=17"}],"curies":[{"name":"wp","href":"https:\/\/api.w.org\/{rel}","templated":true}]}}